ose z*q + 22 = 3*s, 3 - 5 = -s. Let c = q + 11. What is the units digit of c?
3
What is the units digit of 1274/39 + 2/(-3)?
2
Suppose 0 = -3*r - 3*o - 2*o + 64, 3*r + 4*o = 59. Suppose r = 5*m - 17. What is the units digit of m?
6
Suppose x = 4*h + 389 + 21, -3*x = 5*h - 1179. What is the tens digit of x?
9
Suppose -4*x - 4*z = -0*z, -16 = 4*z. What is the units digit of x?
4
Suppose 1 - 9 = -4*q. Suppose -3*d - 3*k - 11 = 19, -q*k = -4*d - 64. What is the units digit of -7*(24/d)/2?
6
Let t(j) = 0*j**3 + 2*j**3 + 7 - 2*j**2 - 5*j - 2 - j**3. What is the units digit of t(4)?
7
Let f = 8 + 7. What is the tens digit of f?
1
What is the tens digit of (1396/(-6))/((-12)/18)?
4
Let c(n) = 12*n**2 - n + 6. What is the units digit of c(-3)?
7
Let f(z) = 2*z + 7 - 4 - 3*z. Let c be f(3). Suppose 5 = b - c*b. What is the units digit of b?
5
Let o = 21 + 20. Suppose -5*h = -a - 44, -3 = -3*h + 5*a + o. Suppose h = 3*q - 10. What is the units digit of q?
6
Let y = -6 + 9. What is the units digit of y?
3
Let m(d) = -d**3 - 4 + 2*d**3 + 4*d - 5*d**2 - 3. What is the tens digit of m(5)?
1
Let f = -4 + 4. Suppose 2*t + 5*y - 13 = f, 21 = 4*t + 2*y - 13. Suppose 2*z - 5*u + 3 = 14, -4*z = 3*u - t. What is the units digit of z?
3
Let c = 24 - -34. What is the units digit of c?
8
Let d(m) = 61*m**2 + 1. What is the units digit of d(-1)?
2
Let o = 218 + -44. What is the units digit of o?
4
Let n(u) = -14*u**3 + 0*u - u - 1 + u**2 + 0. Let k be (-5)/15 - (-4)/(-6). What is the tens digit of n(k)?
1
Let u = -16 + 48. What is the units digit of u?
2
Suppose 0 = -196*w + 197*w - 423. What is the units digit of w?
3
Let l(c) = 4*c**2 + 3*c - 2. What is the units digit of l(-3)?
5
Let a be (0 - 0) + (29 - 1). Suppose -5*v = -7 - a. What is the units digit of v?
7
Let d(p) = p + 1. Suppose 0 = 4*b - 3*b + 4*n + 4, 3*b = 4*n + 4. What is the units digit of d(b)?
1
Let h(w) = -w**3 + 24*w**2 - 17*w + 43. What is the units digit of h(23)?
1
Suppose -16 - 2 = -3*m + 3*y, 3*m = -3*y + 6. Suppose -11 = -5*g + m. Suppose -6 + 0 = -g*f. What is the units digit of f?
2
Suppose 2*z = -2*c + 118, 4*z + 2*c - 99 = 145. What is the tens digit of z?
6
Let i(b) = -b + 2. Let q be i(-2). Suppose p + 5*j = 3 - 11, 37 = q*p - 3*j. What is the units digit of p?
7
Let u = -160 + 321. What is the tens digit of u?
6
Let d = 14 - 10. What is the units digit of 8*((-3)/1 + d)?
8
Let d(q) = -q**2 + 6*q + 1. What is the units digit of d(5)?
6
Suppose -26 = -5*x - 3*u, 2*x + x - 8 = 2*u. Suppose -x*j = -0 - 72. What is the units digit of j?
8
Let b be 3 + (-2 - (-7 - -3)). Suppose -b*i = -0*i - 5*t - 80, 4*t - 20 = 0. What is the units digit of i?
1
Let k = 17 - 8. Let m(l) = 4*l - 8. What is the units digit of m(k)?
8
Suppose 4*u - 9 = u. Suppose 2*j + 4*y - 2*y = 68, -4*j + u*y + 171 = 0. Suppose 5*g - j = -9. What is the units digit of g?
6
Let u = -16 + 26. Suppose -t + 3*t = -4*n + u, -3 = -3*t. Suppose -n*p = -3*q - 5 + 2, q - 3*p = -8. What is the units digit of q?
1
Let q = -73 + 104. What is the units digit of q?
1
Let y = 4 - 7. Let r be (-8)/(-1 - (-3)/y). Suppose i = -i + r. What is the units digit of i?
2
Let c be ((-27)/(-45))/(1/5). Suppose 5*y = -5*z + 51 - 11, 9 = 3*y. Suppose z*p + 7 - 2 = -4*o, -9 = 2*p + c*o. What is the units digit of p?
3
Suppose 0 = -3*t + 1 - 4. Let u(s) = 13*s**3 - 2*s**2 - 2*s - 1. Let x be u(t). What is the units digit of 1/(1 - (-12)/x)?
7
Let u(i) = 38*i - 31. What is the tens digit of u(6)?
9
Suppose 2*j + 7 = -5. Let v = j - -10. What is the tens digit of (4/3)/(v/30)?
1
Let y(j) = j - 6. Let v(w) = w**2 - w. Let s be v(-3). What is the units digit of y(s)?
6
Let x = 2 - -14. Let j = -2 + x. What is the units digit of j?
4
Let f = 2 - -2. Let d(j) = j**3 + j**2 - 3*j + 1. Let o be d(2). What is the units digit of o/5 - f/10?
1
What is the tens digit of 4*(-2)/(-8)*99?
9
Let h be (26/8)/((-6)/24). Let s = 7 + h. Let l = s + 16. What is the units digit of l?
0
Suppose 5*u = -u + 1578. What is the tens digit of u?
6
Let r(g) = -g**3 + 11*g**2 - 6*g - 13. Let y be r(10). Suppose -3*w + 0*w = -3*n + 9, 2*n + 5*w - y = 0. What is the units digit of n?
6
Suppose 1 = m - 3*i, -1 + 24 = 5*m + 3*i. Suppose 0*z + 51 = m*d - 5*z, -3 = z. What is the units digit of d?
9
Suppose l - 36 + 10 = 0. What is the units digit of l?
6
Suppose -3*t - 5*v = -473, 0 = -5*t + v + 600 + 151. What is the tens digit of t?
5
What is the units digit of 40 + -3 + 2 + 2?
1
Let z(k) = k**2 + 3*k + 5. What is the tens digit of z(5)?
4
Let f(g) = g**3 - 9*g**2 + 7*g + 11. Let i be f(8). What is the units digit of i*((-80)/(-6))/5?
8
Let p(j) = 31*j - 8. What is the units digit of p(2)?
4
Let k = 25 + -12. What is the units digit of k?
3
Let t be (2 - -3)*4/10. Let q = 4 - 0. Suppose -t*h - q*p = 2*h - 56, 30 = 3*h - p. What is the tens digit of h?
1
Suppose 3*x = -m + 401, 2*m + 122 = 3*x - 2*x. Suppose -5*r = -r - x. What is the units digit of r?
3
Let l(v) = v**2 - 13*v + 1. Suppose 0 = 2*i + 5*n + 4, -4*i = -5*n - 28 - 24. Let x be l(i). Let k = -28 - x. What is the units digit of k?
1
Suppose -4*z + 3 = k, 2*k - 5*z = -0*k - 7. Let p be (2/(-4))/k*10. Suppose 1 = -4*t + p. What is the units digit of t?
1
Let z = 15 + -15. What is the tens digit of (-12)/(-4) + z - -15?
1
Suppose 3*p = 4*p - 50. What is the tens digit of p?
5
Let m = 6 - 4. Suppose -m*l + 23 = 2*z - 5, 37 = 2*z + 5*l. What is the tens digit of z?
1
Suppose -3*n + 0*n = 33. Let x = -6 - n. What is the units digit of x?
5
Suppose -2*h + 15 = 3*h. Suppose -3*i = -4*n + 6, -i = 5*n + h*i + 8. Suppose -3*x = k - 19, n - 8 = -2*x - 3*k. What is the units digit of x?
7
Let b be 2/11 + (-2)/11. Suppose 3*j - 9 = 3*w, j + 5*w + b = -3. What is the units digit of 2 + 6 + (0 - j)?
6
Let r be -5*(2 + -2 + -1). Suppose -r*x + 57 = -2*x. Let t = 30 - x. What is the tens digit of t?
1
Let w be (-7)/(-2) + 10/(-20). What is the tens digit of 27 + w/1 + 0?
3
Suppose -g = 20 - 54. What is the tens digit of g?
3
Let t = 86 - 60. What is the units digit of t?
6
Suppose -3*p + 9 = 2*a - 2*p, 0 = 5*a - 4*p - 42. What is the units digit of a?
6
Suppose 0 = 4*b - 0 - 8. Suppose -i + 0*i + h + 5 = 0, -i + 11 = b*h. What is the units digit of i?
7
Let l be (-26)/(-6) + 4/6. Let b(p) = -p**2 + 7*p - 7. Let z be b(l). What is the units digit of z + -1 - (-15)/5?
5
Suppose 0 = m + m - 56. What is the units digit of m?
8
Suppose -5*i + 2*g = 215, g = 2*i + 46 + 39. Let x = i + 78. What is the units digit of x?
3
Suppose -o = 5, 2*o - 25 = -j - 4*j. What is the units digit of j?
7
Let x be 9 - (3 - (0 - -2)). Let l(n) be the second derivative of n**3/2 - 6*n**2 - n. What is the tens digit of l(x)?
1
Let m(z) = 2*z + 5. Let x be m(-4). Let o(k) = -2*k - 4. Let c be o(x). What is the units digit of 6 - ((-1)/(-1) - c)?
7
Let c(h) = -6*h - 22. What is the tens digit of c(-15)?
6
Suppose -7 = 2*a + 5*f - 17, -4*f - 25 = -5*a. Suppose 0*j + 2*j - 30 = 5*c, a*j + 2*c - 17 = 0. Let y = j - -6. What is the tens digit of y?
1
Suppose -4*c + 0*q = -2*q - 384, -5*c + 473 = q. What is the tens digit of c?
9
Let b(j) = 5*j**3 + 2*j - 2. Let p be b(2). Let v = -26 + p. What is the tens digit of v?
1
Let z(o) = o**3 - 9*o**2 + 8*o + 11. Let v be z(8). Let k = v - 1. Let x = -2 + k. What is the units digit of x?
8
Suppose 0 = 2*i + 2*s + 14, 4*i + 5*s = i - 31. Let l be 16/2 + 1*i. Let h = 15 - l. What is the units digit of h?
9
What is the tens digit of 2/(-3) - (-3225)/45?
7
Let h(x) = -31*x**3 + 2*x**2 - 1. Let a be h(-1). Let g = a + -10. What is the tens digit of g?
2
Let c be (-2)/(-4)*(2 - -2). Suppose 2 = -c*b - 8. Let j = 5 - b. What is the tens digit of j?
1
Let b be (-416)/(-4) + 0/(-3). Suppose 0 = -s - 3*s + b. What is the units digit of s?
6
Let d be (-14)/(-12)*4*-3. Let r = d - -30. What is the tens digit of r?
1
Suppose 2*w - 8 = -2. Suppose -1 = -2*x + w. What is the units digit of 4*(x + (-6)/4)?
2
Let u = 1 - 2. Let w be (3 - u)*5/(-4). Let d = 7 + w. What is the units digit of d?
2
Let s be 5*((-12)/(-5))/4. Let w = 4 - s. What is the units digit of w?
1
Let r be (-2 - -1)/(5/(-15)). Suppose 0*w = r*w - 6. What is the units digit of w?
2
Suppose 4*h = -h + 15. Let d(a) = 4*a**2 - a + 1 + h*a**3 - 4*a**3 + 3*a. What is the units digit